{"id":32,"date":"2022-06-03T16:40:47","date_gmt":"2022-06-03T22:40:47","guid":{"rendered":"http:\/\/10.4.255.218\/revistas\/wordpress\/?page_id=32"},"modified":"2022-06-03T16:40:47","modified_gmt":"2022-06-03T22:40:47","slug":"index","status":"publish","type":"page","link":"https:\/\/conocimientoabierto.conare.ac.cr\/","title":{"rendered":"Index"},"content":{"rendered":"\n<p>La Subcomisi\u00f3n de Conocimiento Abierto del Consejo Nacional de Rectores es un grupo de trabajo de la comisi\u00f3n de Vicerrectores orientada al fortalecimiento de las revistas y repositorios de las instituciones miembro, as\u00ed como el impulso de la ciencia abierta a nivel nacional.<\/p>\n\n\n\n<div class=\"wp-block-buttons is-layout-flex wp-block-buttons-is-layout-flex\">\n<div class=\"wp-block-button\"><a class=\"wp-block-button__link\" href=\"https:\/\/conocimientoabierto.conare.ac.cr\/index.php\/evaluacion-de-revistas\/\">Evaluaci\u00f3n Revistas<\/a><\/div>\n\n\n\n<div class=\"wp-block-button\"><a class=\"wp-block-button__link\" href=\"https:\/\/conocimientoabierto.conare.ac.cr\/index.php\/evaluacion-de-repositorios\/\">Evaluaci\u00f3n Repositorios<\/a><\/div>\n<\/div>\n\n\n\n<p><\/p>\n","protected":false},"excerpt":{"rendered":"<p>La Subcomisi\u00f3n de Conocimiento Abierto del Consejo Nacional de Rectores es un grupo de trabajo de la comisi\u00f3n de Vicerrectores orientada al fortalecimiento de las revistas y repositorios de las &#8230;<\/p>\n","protected":false},"author":1,"featured_media":0,"parent":0,"menu_order":0,"comment_status":"closed","ping_status":"closed","template":"","meta":{"footnotes":""},"class_list":["post-32","page","type-page","status-publish","hentry"],"_links":{"self":[{"href":"https:\/\/conocimientoabierto.conare.ac.cr\/index.php\/wp-json\/wp\/v2\/pages\/32","targetHints":{"allow":["GET"]}}],"collection":[{"href":"https:\/\/conocimientoabierto.conare.ac.cr\/index.php\/wp-json\/wp\/v2\/pages"}],"about":[{"href":"https:\/\/conocimientoabierto.conare.ac.cr\/index.php\/wp-json\/wp\/v2\/types\/page"}],"author":[{"embeddable":true,"href":"https:\/\/conocimientoabierto.conare.ac.cr\/index.php\/wp-json\/wp\/v2\/users\/1"}],"replies":[{"embeddable":true,"href":"https:\/\/conocimientoabierto.conare.ac.cr\/index.php\/wp-json\/wp\/v2\/comments?post=32"}],"version-history":[{"count":1,"href":"https:\/\/conocimientoabierto.conare.ac.cr\/index.php\/wp-json\/wp\/v2\/pages\/32\/revisions"}],"predecessor-version":[{"id":69,"href":"https:\/\/conocimientoabierto.conare.ac.cr\/index.php\/wp-json\/wp\/v2\/pages\/32\/revisions\/69"}],"wp:attachment":[{"href":"https:\/\/conocimientoabierto.conare.ac.cr\/index.php\/wp-json\/wp\/v2\/media?parent=32"}],"curies":[{"name":"wp","href":"https:\/\/api.w.org\/{rel}","templated":true}]}}